{"id":34,"date":"2018-06-14T13:30:30","date_gmt":"2018-06-14T11:30:30","guid":{"rendered":"http:\/\/wasserwacht-lerchenau.de\/blog\/?page_id=34"},"modified":"2018-08-02T09:41:02","modified_gmt":"2018-08-02T07:41:02","slug":"mitglied-werden","status":"publish","type":"page","link":"http:\/\/wasserwacht-lerchenau.de\/blog\/index.php\/mitglied-werden\/","title":{"rendered":"Mitglied werden!"},"content":{"rendered":"<p><img loading=\"lazy\" decoding=\"async\" src=\"http:\/\/wasserwacht-lerchenau.de\/blog\/wp-content\/uploads\/2018\/08\/Ertrinken-300x200.jpg\" alt=\"\" width=\"300\" height=\"200\" class=\"alignnone size-medium wp-image-130\" srcset=\"http:\/\/wasserwacht-lerchenau.de\/blog\/wp-content\/uploads\/2018\/08\/Ertrinken-300x200.jpg 300w, http:\/\/wasserwacht-lerchenau.de\/blog\/wp-content\/uploads\/2018\/08\/Ertrinken-768x512.jpg 768w, http:\/\/wasserwacht-lerchenau.de\/blog\/wp-content\/uploads\/2018\/08\/Ertrinken-1024x683.jpg 1024w, http:\/\/wasserwacht-lerchenau.de\/blog\/wp-content\/uploads\/2018\/08\/Ertrinken-150x100.jpg 150w, http:\/\/wasserwacht-lerchenau.de\/blog\/wp-content\/uploads\/2018\/08\/Ertrinken-1000x667.jpg 1000w\" sizes=\"auto, (max-width: 300px) 100vw, 300px\" \/>Die Mitglieder der Wasserwacht Lerchenau arbeiten ehrenamtlich, um die Sicherheit der Badeg\u00e4ste am Lerchenauer See zu erh\u00f6hen. Zu unseren Aufgaben geh\u00f6ren neben der Bek\u00e4mpfung des Badetodes auch die notfallmedizinische Versorgung am Lerchenauer See. Zus\u00e4tzlich beteiligen wir uns am Wasserrettungsdienst im Landkreis M\u00fcnchen.<\/p>\n<p>Im Rahmen des Bayerischen Roten Kreuzes bieten wir eine Vielzahl von Ausbildungsm\u00f6glichkeiten:<\/p>\n<ul>\n<li>Rettungsschwimmer<\/li>\n<li>Sanit\u00e4ter<\/li>\n<li>Bootsf\u00fchrer<\/li>\n<li>Wachleiter<\/li>\n<li>Rettungstaucher<\/li>\n<li>und Viele mehr<\/li>\n<\/ul>\n<p>Auf Grund der vielen Aufgaben, sind wir auf das gro\u00dfe Engagement unserer Mitglieder angewiesen. Deshalb suchen wir f\u00fcr die aktive Wachmannschaft immer Menschen, die bereit sind sich zu engagieren.<\/p>\n<p>Sie haben Interesse uns pers\u00f6nlich oder finanziell zu unterst\u00fctzen?<\/p>\n<p>Schreiben Sie uns einfach eine Email unter:<\/p>\n<p><a href=\"mailto:kontakt@wasserwacht-lerchenau.de\">kontakt (at) wasserwacht-lerchenau.de<\/a><\/p>\n","protected":false},"excerpt":{"rendered":"<p>Die Mitglieder der Wasserwacht Lerchenau arbeiten ehrenamtlich, um die Sicherheit der Badeg\u00e4ste am Lerchenauer See zu erh\u00f6hen. Zu unseren Aufgaben geh\u00f6ren neben der Bek\u00e4mpfung des Badetodes auch die notfallmedizinische Versorgung am Lerchenauer See. Zus\u00e4tzlich beteiligen wir uns am Wasserrettungsdienst im Landkreis M\u00fcnchen. Im Rahmen des Bayerischen Roten Kreuzes bieten wir eine Vielzahl von Ausbildungsm\u00f6glichkeiten: Rettungsschwimmer [&hellip;]<\/p>\n","protected":false},"author":1,"featured_media":0,"parent":0,"menu_order":0,"comment_status":"closed","ping_status":"closed","template":"","meta":{"footnotes":""},"class_list":["post-34","page","type-page","status-publish","hentry"],"_links":{"self":[{"href":"http:\/\/wasserwacht-lerchenau.de\/blog\/index.php\/wp-json\/wp\/v2\/pages\/34","targetHints":{"allow":["GET"]}}],"collection":[{"href":"http:\/\/wasserwacht-lerchenau.de\/blog\/index.php\/wp-json\/wp\/v2\/pages"}],"about":[{"href":"http:\/\/wasserwacht-lerchenau.de\/blog\/index.php\/wp-json\/wp\/v2\/types\/page"}],"author":[{"embeddable":true,"href":"http:\/\/wasserwacht-lerchenau.de\/blog\/index.php\/wp-json\/wp\/v2\/users\/1"}],"replies":[{"embeddable":true,"href":"http:\/\/wasserwacht-lerchenau.de\/blog\/index.php\/wp-json\/wp\/v2\/comments?post=34"}],"version-history":[{"count":4,"href":"http:\/\/wasserwacht-lerchenau.de\/blog\/index.php\/wp-json\/wp\/v2\/pages\/34\/revisions"}],"predecessor-version":[{"id":153,"href":"http:\/\/wasserwacht-lerchenau.de\/blog\/index.php\/wp-json\/wp\/v2\/pages\/34\/revisions\/153"}],"wp:attachment":[{"href":"http:\/\/wasserwacht-lerchenau.de\/blog\/index.php\/wp-json\/wp\/v2\/media?parent=34"}],"curies":[{"name":"wp","href":"https:\/\/api.w.org\/{rel}","templated":true}]}}